 k(0).
-8
Let f(w) = -w**3 + 20*w + 21. What is f(8)?
-331
Let k(o) = 76*o**2 + 5*o + 2. Determine k(-1).
73
Let g(b) = -b**2 + 60*b + 20. Give g(60).
20
Let i(l) = -l + 813. Give i(19).
794
Let c(n) = 5*n**2 + 685*n - 3. What is c(-137)?
-3
Let w(s) = 42*s**2 - 228*s + 12. Calculate w(5).
-78
Let w(k) = -9*k + 55. Determine w(-21).
244
Let g(b) = 2*b**3 + 341*b**2 + 4*b - 28222. Give g(-170).
-2
Let l(n) = 83*n**3 - 21*n**2 - 6*n - 5. Calculate l(-1).
-103
Let c(m) = -m**2 - 35*m + 167. Determine c(-35).
167
Let v(s) = -1865*s - 9340. Determine v(-5).
-15
Let m(r) = r**3 - 8*r**2 - 34*r + 35. Calculate m(10).
-105
Let o(s) = -2*s**3 - 9*s**2 + 33*s - 9. What is o(-7)?
5
Let c(f) = -2*f**2 + 110*f + 684. Determine c(-6).
-48
Let x(s) = -s**2 - 4*s + 242. Give x(14).
-10
Let a(j) = -j**3 + 4*j**2 + 6*j - 13. Give a(4).
11
Let w(k) = -135*k + 739. Determine w(6).
-71
Let w(b) = -2330*b + 53593. Give w(23).
3
Let a(o) = 2*o**2 + 7*o + 4. What is a(-2)?
-2
Let p(g) = 2*g**3 - 3*g**2 - 32*g + 26. Determine p(5).
41
Let k(j) = 106*j + 782. Calculate k(-7).
40
Let y(o) = -o**2 - 163*o - 3420. Give y(-138).
30
Let d(j) = j**3 - 3*j**2 - 146*j + 554. Determine d(4).
-14
Let w(f) = 644*f - 3849. Calculate w(6).
15
Let l(r) = 3*r**3 + 2*r**2 - 51. What is l(0)?
-51
Let o(k) = k**3 - 69*k**2 + 107*k - 2659. Calculate o(68).
-7
Let a(c) = -c**2 + 21*c + 105. Give a(-4).
5
Let v(f) = -115*f - 37. Give v(0).
-37
Let r(s) = -411*s + 1924. Give r(5).
-131
Let q(f) = 4*f**2 - 272*f + 1911. Determine q(60).
-9
Let s(m) = -5531*m + 66378. Give s(12).
6
Let g(p) = 6*p**2 + 13*p + 7. Calculate g(-4).
51
Let y(m) = -m**2 - 83*m + 19162. Determine y(103).
4
Let w(x) = -x**3 + 11*x**2 + 209*x - 21. What is w(-10)?
-11
Let z(o) = -3*o**2 - 991*o + 7060. What is z(7)?
-24
Let p(i) = -i**3 - 20*i**2 - 35*i - 1606. What is p(-22)?
132
Let w(v) = -128*v**2 - 408*v - 71. What is w(-3)?
1
Let l(m) = 2*m**2 - 7*m + 11. Calculate l(5).
26
Let g(w) = 71*w - 989. Determine g(19).
360
Let f(a) = 2*a**3 + 97*a**2 - 53*a - 122. What is f(-49)?
74
Let g(x) = -952*x - 15226. Give g(-16).
6
Let r(y) = y**2 + 98*y + 2255. Give r(-37).
-2
Let d(t) = -2*t**3 - 16*t**2 - 30*t - 103. Give d(-7).
9
Let a(s) = 2*s**2 + 58*s + 17. Determine a(-28).
-39
Let o(y) = 8*y + 55. Determine o(-6).
7
Let w(c) = 2*c**3 - 107*c**2 + 648*c + 12. Give w(7).
-9
Let g(j) = 3*j**2 - 175*j - 2. Give g(56).
-394
Let x(u) = -2*u**2 - 84*u - 554. What is x(-33)?
40
Let z(q) = -3*q**2 + 23*q - 114. What is z(8)?
-122
Let t(a) = a**3 + 10*a**2 + 17*a + 22. Calculate t(-10).
-148
Let s(g) = 5*g**2 - 23*g - 13. What is s(7)?
71
Let u(y) = -28*y - 242. Give u(-8).
-18
Let o(g) = -g**2 + 5992*g - 47879. What is o(8)?
-7
Let p(y) = -16*y + 102. Give p(32).
-410
Let p(s) = -s**3 + 23*s**2 - 75*s + 11. What is p(18)?
281
Let t(r) = 2*r**2 + 430*r - 4958. Determine t(11).
14
Let y(s) = 757*s - 62. Calculate y(1).
695
Let d(h) = -902*h + 19034. Give d(21).
92
Let v(n) = n**2 - 16*n + 173. Calculate v(17).
190
Let c(d) = d**2 - 41*d - 14. What is c(30)?
-344
Let a(u) = -u**2 - 339*u + 1701. Give a(5).
-19
Let t(l) = -255*l - 18110. What is t(-71)?
-5
Let w(x) = 2*x**3 - 6*x**2 - x - 28. Determine w(7).
357
Let s(h) = -57*h**2 + 10*h - 10. Give s(1).
-57
Let z(u) = u**2 + 122*u + 1301. Give z(-12).
-19
Let q(h) = 5*h**2 + 37*h + 37. Give q(-10).
167
Let j(m) = m**2 + 31*m + 202. Determine j(-10).
-8
Let y(u) = -u**3 - 10*u**2 - 24*u + 11. Calculate y(-8).
75
Let h(j) = j**2 + 73*j + 76. Determine h(-72).
4
Let n(h) = h**3 + 12*h**2 - 16*h - 39. Determine n(-13).
0
Let p(d) = -d**2 + 72*d + 156. Give p(0).
156
Let y(q) = 8*q**2 - 992*q + 5. What is y(124)?
5
Let u(z) = -z**3 - 29*z**2 + 8*z + 218. Calculate u(-29).
-14
Let h(i) = 37*i**3 - 30*i**2 - 5*i + 2. Give h(1).
4
Let v(a) = 1041*a + 1011. Calculate v(-1).
-30
Let w(f) = 43*f + 10787. What is w(-251)?
-6
Let b(d) = 3*d**3 - 20*d**2 + 54*d - 169. Calculate b(5).
-24
Let m(h) = 4*h**2 - 3*h + 133. Give m(0).
133
Let c(d) = 3*d**3 + 28*d**2 + 7*d + 57. What is c(-9)?
75
Let c(r) = -980*r - 34. Determine c(0).
-34
Let m(o) = o**3 - 10*o**2 + 183*o - 1858. What is m(10)?
-28
Let c(m) = 913*m - 7331. Calculate c(8).
-27
Let z(q) = q**3 - 23*q**2 - 39*q - 209. What is z(25)?
66
Let j(w) = 978*w - 50. Calculate j(0).
-50
Let n(h) = -4529*h - 10. Calculate n(0).
-10
Let l(v) = -836*v + 16651. Give l(20).
-69
Let f(d) = 4*d**3 + 74*d**2 + 43*d + 112. Determine f(-18).
-14
Let i(z) = 407*z + 20358. Calculate i(-50).
8
Let j(x) = 8948*x + 98438. Determine j(-11).
10
Let x(d) = -2*d**2 - 25*d - 30. Calculate x(-12).
-18
Let f(p) = -40*p - 707. What is f(-25)?
293
Let j(o) = -164*o**2 + 6*o + 5. Calculate j(-1).
-165
Let g(u) = u**3 - 7*u**2 + 143*u - 1237. Give g(8).
-29
Let f(o) = o**3 - 15*o**2 - 15*o - 52. Calculate f(16).
-36
Let g(b) = 14*b**3 + 140*b**2 - 10*b - 92. Determine g(-10).
8
Let k(u) = 11067*u + 2. Determine k(0).
2
Let b(v) = v**3 + 3*v**2 - 12*v + 61. Determine b(-9).
-317
Let f(c) = 2*c**3 + 191*c**2 - 124*c - 2681. Determine f(-96).
7
Let h(l) = l**2 - 16*l - 1699. Calculate h(-34).
1
Let h(k) = 1875*k - 36. Give h(0).
-36
Let p(h) = -34*h - 1104. Calculate p(-34).
52
Let w(t) = t**3 + 15*t**2 + 3*t - 456. Calculate w(-9).
3
Let h(q) = -8*q**2 + 61*q + 14. Determine h(8).
-10
Let u(l) = 13*l**2 - 64*l - 184. Give u(-3).
125
Let a(l) = 9*l**2 + 177*l - 62. Calculate a(-20).
-2
Let t(n) = 2*n**3 + 80*n**2 + 13*n + 541. Calculate t(-40).
21
Let r(g) = 79*g - 31. Determine r(5).
364
Let w(c) = -247*c + 3688. Determine w(15).
-17
Let q(u) = u**3 - 18*u**2 + 62*u - 242. Calculate q(15).
13
Let b(m) = -m**2 - 133*m - 4244. Give b(-80).
-4
Let d(s) = -4*s**2 - 134*s - 467. Calculate d(-4).
5
Let z(a) = -3*a**2 + 23*a + 43. What is z(-11)?
-573
Let j(z) = z**2 + 11*z + 22. Calculate j(-12).
34
Let v(s) = 5*s**2 + 45*s - 159. Give v(-10).
-109
Let x(u) = -u**3 + 19*u**2 - 8*u + 2. Calculate x(18).
182
Let t(s) = 9*s + 223. Calculate t(-20).
43
Let z(w) = 10*w**2 - 14*w + 29. What is z(2)?
41
Let c(v) = -3506*v + 21073. Give c(6).
37
Let n(d) = -d**2 - 27. Give n(-4).
-43
Let c(k) = -k**3 - 11*k**2 + 102*k + 1156. Determine c(-10).
36
Let x(w) = w**2 - 78*w + 1308. Calculate x(54).
12
Let t(r) = -5*r**3 - 3*r**2 + 80*r - 167. What is t(2)?
-59
Let k(f) = 6*f**2 - f + 290. Give k(0).
290
Let r(u) = u**2 - 1000*u + 7926. Calculate r(8).
-10
Let h(b) = 66*b - 260. Give h(4).
4
Let p(w) = -2*w**2 + 83*w - 452. What is p(35)?
3
Let x(t) = 26*t**3 - 468*t**2 - 2*t + 31. Calculate x(18).
-5
Let l(x) = x**3 + 28*x**2 - 92*x + 21. Give l(-31).
-10
Let y(k) = k - 40. Determine y(-5).
-45
Let u(k) = -433*k - 9965. What is u(-23)?
-6
Let y(c) = 10*c**2 - 126*c - 355. Determine y(15).
5
Let o(j) = j**3 - 27*j**2 + 44*j + 130. Calculate o(25).
-20
Let w(r) = -4*r**2 - 319*r + 46. Calculate w(-80).
-34
Let x(l) = 3*l**3 - 90*l**2 + 120*l + 1344. What is x(28)?
0
Let p(y) = 136*y**2 + 11*y - 5. Give p(1).
142
Let y(q) = 21*q + 322. Determine y(-16).
-14
Let c(p) = 5*p**3 - 36*p**2 - 2*p + 67. Calculate c(7).
4
Let x(l) = 4*l + 94. Determine x(17).
162
Let i(p) = 6*p**2 - 88*p - 130. Give i(16).
-2
Let w(k) = -471*k + 1650. Determine w(4).
-234
Let o(x) = -885*x + 36296. Calculate o(41).
11
Let w(o) = o**3 + 56*o**2 - 52*o + 293. Calculate w(-57).
8
Let m(y) = 726*y - 5072. Determine m(7).
10
Let o(d) = 264*d - 4232. Determine o(16).
-8
Let i(j) = -j**2 - 73*j + 67. What is i(-74)?
-7
Let z(b) = -2*b**2 - 57*b + 2224. Calculate z(22).
2
Let c(x) = 5*x**2 - 632*x - 1025. Determine c(128).
-1
Let r(g) = g**3 + 19*g**2 + 59*g - 7. What is r(-15)?
8
Let x(d) = -30*d - 203. Give x(-7).
7
Let w(n) = -n**3 + 20*n**2 + 12*n - 264. What is w(20)?
-24
Let i(p) = p**2 + 37*p - 580. Determine i(12).
8
Let i(z) = -16*z**2 + 84*z + 65. What is i(6)?
-7
Let o(a) = 9*a - 151. Determine o(17).
2
Let q(f) = -84*f - 90. Determine q(-1).
-6
Let b(k) = k**3 - 7*k**2 + 15*k - 71. What is b(6)?
-17
Let u(h) = -h**3 - 10*h**2 + 30*h + 275. Determine u(-5).
0
Let t(n) = n**2 + 185*n - 28485. Determine t(100).
15
Let g(m) = -28*m + 320. Determine g(11).
12
Let a(f) = -5146*f + 77184. Determine a(15).
-6
Let r(b) = 1797*b - 5383. Determine r(3).
8
Let h(k) = -2*k - 37. Determine h(4).
-45
Let r(m) = -m**3 - 10